a factor of 1072319?
False
Is 75 a factor of 55851?
False
Is 29 a factor of 2606636?
True
Is 21 a factor of 36502?
False
Does 89 divide 13799717?
True
Does 1011 divide 4666776?
True
Is 93689 a multiple of 19?
True
Is 90 a factor of 1628550?
True
Is 34 a factor of 3757442?
True
Is 61 a factor of 1401869?
False
Is 73 a factor of 185018?
False
Is 4033832 a multiple of 8?
True
Is 18 a factor of 12553856?
False
Is 807930 a multiple of 94?
True
Is 59202 a multiple of 6?
True
Does 6 divide 987844?
False
Does 443 divide 269787?
True
Is 5 a factor of 76290?
True
Is 445374 a multiple of 4?
False
Is 6016743 a multiple of 6?
False
Is 51892 a multiple of 8?
False
Is 7241024 a multiple of 98?
True
Is 1695588 a multiple of 585?
False
Does 259 divide 9568056?
False
Is 137547 a multiple of 153?
True
Is 234939 a multiple of 34?
False
Does 238 divide 81725?
False
Is 26 a factor of 30420?
True
Does 34 divide 142024?
False
Does 51 divide 1689363?
False
Is 111767 a multiple of 347?
False
Does 31 divide 75144?
True
Does 102 divide 140556?
True
Does 504 divide 15988029?
False
Is 1006490 a multiple of 22?
False
Is 8 a factor of 3238?
False
Is 2351729 a multiple of 21?
False
Is 57950 a multiple of 19?
True
Is 16 a factor of 29554792?
False
Is 131521 a multiple of 392?
False
Is 6378510 a multiple of 807?
False
Does 11 divide 1010735?
True
Does 392 divide 424228?
False
Is 131 a factor of 110157?
False
Does 29 divide 255904?
False
Is 1169582 a multiple of 9?
False
Is 15 a factor of 173893?
False
Is 11416000 a multiple of 250?
True
Is 641619 a multiple of 10?
False
Is 917931 a multiple of 64?
False
Is 23 a factor of 165876?
True
Does 198 divide 1212552?
True
Does 35 divide 48803?
False
Does 28 divide 1344140?
True
Is 27 a factor of 40321?
False
Does 305 divide 2612630?
True
Is 5 a factor of 80912?
False
Is 58811 a multiple of 182?
False
Is 4043143 a multiple of 836?
False
Is 949998 a multiple of 6?
True
Is 2 a factor of 1281752?
True
Is 4 a factor of 5529000?
True
Is 1149 a factor of 89622?
True
Does 140 divide 496720?
True
Is 12 a factor of 49956?
True
Does 71 divide 3818167?
True
Does 850 divide 2425900?
True
Does 21 divide 8984434?
False
Is 239 a factor of 2339332?
True
Is 10 a factor of 643930?
True
Is 461 a factor of 2232162?
True
Is 180 a factor of 4733460?
True
Does 3 divide 19461?
True
Does 571 divide 871917?
True
Is 440491 a multiple of 3?
False
Does 59 divide 95521?
True
Is 2006500 a multiple of 35?
False
Is 40 a factor of 573537?
False
Is 595 a factor of 1411340?
True
Is 15300 a multiple of 43?
False
Does 17 divide 1203311?
True
Is 143385 a multiple of 43?
False
Is 84 a factor of 93058?
False
Is 13 a factor of 855101?
True
Is 738283 a multiple of 13?
True
Is 12 a factor of 1982886?
False
Does 51 divide 2212584?
True
Does 28 divide 601384?
True
Does 9 divide 11448?
True
Is 290247 a multiple of 273?
False
Does 3 divide 532746?
True
Is 14571515 a multiple of 1315?
True
Does 154 divide 429352?
True
Does 13 divide 132548?
True
Does 94 divide 148896?
True
Is 67 a factor of 139226?
True
Is 66943 a multiple of 197?
False
Is 18 a factor of 42588?
True
Is 14745034 a multiple of 11?
False
Is 19 a factor of 66185?
False
Is 163680 a multiple of 80?
True
Is 50 a factor of 241150?
True
Is 80822 a multiple of 322?
True
Is 202129 a multiple of 17?
False
Is 46 a factor of 2509345?
False
Is 76530 a multiple of 3?
True
Is 1521 a factor of 5684505?
False
Is 36435 a multiple of 2?
False
Is 51 a factor of 1513898?
False
Is 5840662 a multiple of 15?
False
Is 25603 a multiple of 19?
False
Is 4 a factor of 53872?
True
Is 94472 a multiple of 416?
False
Is 4336719 a multiple of 21?
False
Is 138852 a multiple of 87?
True
Is 3133692 a multiple of 366?
True
Is 134145 a multiple of 9?
True
Is 619278 a multiple of 242?
True
Is 128618 a multiple of 11?
False
Is 27665 a multiple of 96?
False
Is 3309743 a multiple of 53?
False
Is 18 a factor of 37278?
True
Is 59885 a multiple of 6?
False
Does 279 divide 13640310?
True
Is 109 a factor of 406134?
True
Is 857519 a multiple of 365?
False
Is 14 a factor of 9884?
True
Is 100 a factor of 15168900?
True
Is 8 a factor of 820388?
False
Is 32 a factor of 1059748?
False
Is 90 a factor of 81292?
False
Is 53 a factor of 123540?
False
Does 12 divide 764772?
True
Does 432 divide 246434?
False
Is 395 a factor of 128375?
True
Is 13 a factor of 54648?
False
Is 110 a factor of 160710?
True
Is 55 a factor of 86020?
True
Is 1399344 a multiple of 20?
False
Is 1951326 a multiple of 3?
True
Is 1608040 a multiple of 595?
False
Does 144 divide 376480?
False
Does 310 divide 141360?
True
Is 86 a factor of 2511185?
False
Does 106 divide 94128?
True
Does 47 divide 142127?
False
Is 52 a factor of 1767437?
False
Is 34 a factor of 230724?
True
Is 36 a factor of 22276607?
False
Is 72 a factor of 461074?
False
Does 2 divide 5460?
True
Is 18 a factor of 5710410?
True
Is 17 a factor of 1690157?
True
Is 17 a factor of 1171844?
True
Does 480 divide 237120?
True
Is 3464768 a multiple of 688?
True
Is 11 a factor of 14810008?
False
Is 118517 a multiple of 48?
False
Is 99 a factor of 6579837?
True
Is 51 a factor of 2124405?
True
Is 9 a factor of 4963617?
True
Is 8456304 a multiple of 100?
False
Does 3 divide 14967?
True
Does 63 divide 12842802?
True
Is 2 a factor of 113?
False
Does 560 divide 53088?
False
Does 39 divide 8805888?
True
Does 12 divide 481164?
True
Is 1223252 a multiple of 4?
True
Is 16 a factor of 152959?
False
Is 79370 a multiple of 10?
True
Is 319995 a multiple of 117?
True
Is 173568 a multiple of 384?
True
Is 4398447 a multiple of 66?
False
Is 103 a factor of 270749?
False
Is 79 a factor of 187603?
False
Does 31 divide 46298?
False
Does 18 divide 374552?
False
Is 134334 a multiple of 198?
False
Does 38 divide 1837146?
False
Is 11 a factor of 9109752?
False
Is 3243552 a multiple of 82?
False
Is 15 a factor of 595635?
True
Does 385 divide 128205?
True
Is 31 a factor of 3578136?
False
Does 35 divide 12460?
True
Does 74 divide 274741?
False
Is 184 a factor of 236808?
True
Does 395 divide 2424080?
False
Is 4128981 a multiple of 11?
False
Is 153 a factor of 86139?
True
Does 18 divide 2313864?
True
Does 125 divide 3299173?
False
Is 5731992 a multiple of 1071?
True
Is 33 a factor of 480955?
False
Is 264708 a multiple of 258?
True
Is 2070600 a multiple of 290?
True
Is 62 a factor of 701840?
True
Is 107 a factor of 294186?
False
Is 991 a factor of 1029976?
False
Is 1880712 a multiple of 8?
True
Does 1438 divide 5995022?
True
Is 350460 a multiple of 36?
True
Does 155 divide 235135?
True
Does 391 divide 159645?
False
Is 324 a factor of 73905?
False
Does 107 divide 171949?
True
Is 2775928 a multiple of 424?
True
Does 85 divide 6732326?
False
Does 21 divide 9261068?
False
Is 519948 a multiple of 396?
True
Is 575 a factor of 12288325?
True
Does 87 divide 1190508?
True
Is 8 a factor of 816927?
False
Is 149664 a multiple of 12?
True
Is 2469265 a multiple of 40?
False
Is 315873 a multiple of 105?
False
Is 410512 a multiple of 43?
False
Is 23 a factor of 128179?
True
Does 21 divide 1464456?
True
Is 246 a factor of 6470976?
False
Is 35 a factor of 47804?
False
Does 172 divide 110739?
False
Does 537 divide 702396?
True
Is 4703034 a multiple of 24?
False
Does 13 divide 170732?
False
Is 117896 a multiple of 104?
False
Does 533 divide 8231652?
True
Does 1398 divide 17234304?
False
Is 482 a factor of 321750?
False
Does 48 divide 386153?
False
Is 51 a factor of 1020?
True
Is 222287 even?
False
Does 300 divide 6494400?
True
Is 16015216 a multiple of 28?
True
Does 109 divide 21311?
False
Does 18 divide 4008960?
True
Is 170375 a multiple of 29?
True
Is 314775 a multiple of 45?
True
Is 3034913 a multiple of 25?
False
Is 507 a factor of 5748873?
True
Is 2393896 a multiple of 785?
False
Is 90 a factor of 1962144?
False
Is 24210 a multiple of 9?
True
Is 281 a factor of 2260753?
False
Is 18 a factor of 1874556?
True
Is 44 a factor of 266640?
True
Is 157 a factor of 28380?
False
Does 57 divide 5439304?
False
Is 122760 a multiple of 30?
True
Is 52551 a multiple of 9?
True
Does 6 divide 3835669?
False
Is 59 a factor of 23689267?
True
Is 600288 a multiple of 24?
True
Does 172 divide 253872?
True
Does 96 divide 871217?
False
Is 132 a factor of 3623778?
False
Is 21882 a multiple of 10?
False
Does 525 divide 